{"id":19839,"date":"2024-09-09T06:11:30","date_gmt":"2024-09-09T05:11:30","guid":{"rendered":"https:\/\/hlwhollabrunn.ac.at\/web2\/?page_id=19839"},"modified":"2024-09-10T21:49:40","modified_gmt":"2024-09-10T20:49:40","slug":"individuelle-lernbegleitung","status":"publish","type":"page","link":"https:\/\/hlwhollabrunn.ac.at\/web2\/individuelle-lernbegleitung\/","title":{"rendered":"Individuelle Lernbegleitung HLW"},"content":{"rendered":"\n<h3 class=\"wp-block-heading\">Individuelle Lernbegleitung&nbsp;<\/h3>\n\n\n\n<p>Die HLW FW Hollabrunn bietet individuelle Lernbegleitung \u2013 kurz ILB &#8211; f\u00fcr alle Sch\u00fcler:innen ab der &nbsp;2. Oberstufe 2HL \/ 2FW an.&nbsp;<\/p>\n\n\n\n<p>Die individuelle Lernbegleitung ist eine Ma\u00dfnahme zur Unterst\u00fctzung und Begleitung von Sch\u00fcler:innen mit Lernr\u00fcckst\u00e4nden und\/oder Lernschw\u00e4chen. Das Augenmerk gilt dabei in erster Linie dem <strong>Lernprozess<\/strong>&nbsp;\u2013 individuelle Bed\u00fcrfnisse und Begabungen stehen im Fokus. &nbsp;<br>ILB ist \u2013 im Gegensatz zum F\u00f6rderunterricht \u2013 gegenstandsunabh\u00e4ngig.&nbsp;&nbsp;<\/p>\n\n\n\n<p>Ausgangssituation f\u00fcr die ILB ist die Feststellung von Leistungsdefiziten im Rahmen des Fr\u00fchwarnsystems.&nbsp;<\/p>\n\n\n\n<p>Sie ist zeitlich begrenzt. Die Lernbegleiterin\/Der Lernbegleiter und die\/der Lernende vereinbaren Lernziele und arbeiten gemeinsam an L\u00f6sungs- und Umsetzungsstrategien.&nbsp; Durch ILB sollen Lernerfolge bewusstgemacht und eine positive Weiterentwicklung im Prozess in Gang gesetzt werden.&nbsp;&nbsp;<\/p>\n\n\n\n<h3 class=\"wp-block-heading\">Die ILB unterst\u00fctzt die Lernenden bei der&nbsp;<\/h3>\n\n\n\n<ul class=\"wp-block-list\">\n<li>\u00dcbernahme der Eigenverantwortung f\u00fcr den pers\u00f6nlichen Lernprozess und der Steigerung des Selbstvertrauens&nbsp;<\/li>\n\n\n\n<li>Anwendung effektiver Methoden aus Arbeitsorganisation und Zeitmanagement&nbsp;<\/li>\n\n\n\n<li>Anwendung geeigneter Lerntechniken und Lernmethoden, die langfristig zur St\u00e4rkung von Ressourcen, zur Steigerung der Lernmotivation und somit zu Erfolgserlebnissen f\u00fchren&nbsp;<\/li>\n\n\n\n<li>Bewusstmachung der eigenen St\u00e4rken und der Entwicklung individueller Lernstrategien&nbsp;<\/li>\n\n\n\n<li>kontinuierlichen Verbesserung des Lernverhaltens generell, um das gesamte Lernpotenzial zielorientiert zu entfalten&nbsp;<\/li>\n\n\n\n<li>Einsch\u00e4tzung, Erweiterung und Steuerung der Lern- und Pr\u00fcfungskompetenz&nbsp;<\/li>\n\n\n\n<li>F\u00f6rderung der Selbstreflexion und Selbstwahrnehmung<\/li>\n<\/ul>\n\n\n\n<h3 class=\"wp-block-heading\"><strong>Die ILB soll als Hilfe zur Selbsthilfe verstanden werden.<\/strong>&nbsp;<\/h3>\n\n\n\n<p>ILB ist &#8230; \u2022 individuell \u2022 zeitlich begrenzt \u2022 Hilfe zur Selbsthilfe \u2022 Lernstoff unabh\u00e4ngig \u2022 ressourcenorientiert \u2022 ziel- und l\u00f6sungsorientiert&nbsp;&nbsp;<\/p>\n\n\n\n<p>ILB ist \u2026 \u2022 keine Lerntherapie \u2022 keine Bildungsberatung \u2022 keine Nachhilfe \u2022 kein Wundermittel&nbsp;<\/p>\n\n\n\n<figure class=\"wp-block-image size-large\"><img loading=\"lazy\" decoding=\"async\" width=\"936\" height=\"306\" src=\"https:\/\/hlwhollabrunn.ac.at\/web2\/wp-content\/uploads\/2024\/09\/ilb-936x306.png\" alt=\"Individuelle Lernbegleitung\" class=\"wp-image-19845\" srcset=\"https:\/\/hlwhollabrunn.ac.at\/web2\/wp-content\/uploads\/2024\/09\/ilb-936x306.png 936w, https:\/\/hlwhollabrunn.ac.at\/web2\/wp-content\/uploads\/2024\/09\/ilb-632x206.png 632w, https:\/\/hlwhollabrunn.ac.at\/web2\/wp-content\/uploads\/2024\/09\/ilb-200x65.png 200w, https:\/\/hlwhollabrunn.ac.at\/web2\/wp-content\/uploads\/2024\/09\/ilb-768x251.png 768w, https:\/\/hlwhollabrunn.ac.at\/web2\/wp-content\/uploads\/2024\/09\/ilb.png 1115w\" sizes=\"auto, (max-width: 936px) 100vw, 936px\" \/><\/figure>\n\n\n\n<h5 class=\"wp-block-heading sketch petrol\"><strong>Mit individueller Lernbetreuung kommst du deinem Ziel n\u00e4her!&nbsp;<\/strong><\/h5>\n","protected":false},"excerpt":{"rendered":"<p>Individuelle Lernbegleitung&nbsp; Die HLW FW Hollabrunn bietet individuelle Lernbegleitung \u2013 kurz ILB &#8211; f\u00fcr alle Sch\u00fcler:innen ab der &nbsp;2. Oberstufe 2HL \/ 2FW an.&nbsp; Die &#8230; <\/p>\n<p class=\"read-more-container\"><a title=\"Individuelle Lernbegleitung HLW\" class=\"read-more button\" href=\"https:\/\/hlwhollabrunn.ac.at\/web2\/individuelle-lernbegleitung\/#more-19839\" aria-label=\"Mehr Informationen \u00fcber Individuelle Lernbegleitung HLW\">Weiterlesen &#8230;<\/a><\/p>\n","protected":false},"author":1,"featured_media":0,"parent":0,"menu_order":0,"comment_status":"closed","ping_status":"closed","template":"","meta":{"_uag_custom_page_level_css":"","footnotes":""},"wf_page_folders":[112],"class_list":{"0":"post-19839","1":"page","2":"type-page","3":"status-publish","5":"no-featured-image-padding"},"uagb_featured_image_src":{"full":false,"thumbnail":false,"medium":false,"medium_large":false,"large":false,"1536x1536":false,"2048x2048":false,"sow-carousel-default":false},"uagb_author_info":{"display_name":"Leo Ertl - HLW Hollabrunn","author_link":"https:\/\/hlwhollabrunn.ac.at\/web2\/author\/leoertl_cupar_17\/"},"uagb_comment_info":0,"uagb_excerpt":"Individuelle Lernbegleitung&nbsp; Die HLW FW Hollabrunn bietet individuelle Lernbegleitung \u2013 kurz ILB &#8211; f\u00fcr alle Sch\u00fcler:innen ab der &nbsp;2. Oberstufe 2HL \/ 2FW an.&nbsp; Die ... Weiterlesen ...","_links":{"self":[{"href":"https:\/\/hlwhollabrunn.ac.at\/web2\/wp-json\/wp\/v2\/pages\/19839","targetHints":{"allow":["GET"]}}],"collection":[{"href":"https:\/\/hlwhollabrunn.ac.at\/web2\/wp-json\/wp\/v2\/pages"}],"about":[{"href":"https:\/\/hlwhollabrunn.ac.at\/web2\/wp-json\/wp\/v2\/types\/page"}],"author":[{"embeddable":true,"href":"https:\/\/hlwhollabrunn.ac.at\/web2\/wp-json\/wp\/v2\/users\/1"}],"replies":[{"embeddable":true,"href":"https:\/\/hlwhollabrunn.ac.at\/web2\/wp-json\/wp\/v2\/comments?post=19839"}],"version-history":[{"count":6,"href":"https:\/\/hlwhollabrunn.ac.at\/web2\/wp-json\/wp\/v2\/pages\/19839\/revisions"}],"predecessor-version":[{"id":19854,"href":"https:\/\/hlwhollabrunn.ac.at\/web2\/wp-json\/wp\/v2\/pages\/19839\/revisions\/19854"}],"wp:attachment":[{"href":"https:\/\/hlwhollabrunn.ac.at\/web2\/wp-json\/wp\/v2\/media?parent=19839"}],"wp:term":[{"taxonomy":"wf_page_folders","embeddable":true,"href":"https:\/\/hlwhollabrunn.ac.at\/web2\/wp-json\/wp\/v2\/wf_page_folders?post=19839"}],"curies":[{"name":"wp","href":"https:\/\/api.w.org\/{rel}","templated":true}]}}