{"id":19817,"date":"2024-08-18T18:48:49","date_gmt":"2024-08-18T17:48:49","guid":{"rendered":"https:\/\/hlwhollabrunn.ac.at\/web2\/?page_id=19817"},"modified":"2024-08-18T18:48:49","modified_gmt":"2024-08-18T17:48:49","slug":"erasmus-weiterbildung-im-ausland-und-jobshadowing-fuer-lehrkraefte","status":"publish","type":"page","link":"https:\/\/hlwhollabrunn.ac.at\/web2\/erasmus-weiterbildung-im-ausland-und-jobshadowing-fuer-lehrkraefte\/","title":{"rendered":"Erasmus+ Weiterbildung im Ausland und Jobshadowing f\u00fcr Lehrkr\u00e4fte"},"content":{"rendered":"\n<h5 class=\"wp-block-heading sketch petrol\">M\u00f6chtest du, als Lehrkraft, Einblicke in internationale Bildungssysteme gewinnen und von erfahrenen Kolleg:innen lernen? Dann ist das Erasmus+ Jobshadowing die perfekte Gelegenheit f\u00fcr dich!<\/h5>\n\n\n\n<p>Das Erasmus+ Jobshadowing-Programm bietet Lehrer:innen der HLW Hollabrunn die M\u00f6glichkeit, durch direkte Beobachtung von Fachkr\u00e4ften und Bildungseinrichtungen im Ausland zu lernen. W\u00e4hrend eines Jobshadowing-Aufenthalts begleitest du Mentoren im Arbeitsalltag und erh\u00e4ltst wertvolle Einblicke in deren berufliche Praxis und Methoden. Dieses Programm f\u00f6rdert nicht nur den fachlichen Austausch, sondern auch die interkulturelle Kompetenz und pers\u00f6nliche Weiterentwicklung.<\/p>\n\n\n\n<p>Durch die Teilnahme am Erasmus+ Jobshadowing-Programm kannst du als Lehrkraft neue didaktische Ans\u00e4tze und innovative Unterrichtsmethoden kennenlernen, die du in deinen eigenen Unterricht integrieren kannst.<\/p>\n\n\n\n<p>Die gewonnenen Erkenntnisse und Eindr\u00fccke bereichern sowohl das pers\u00f6nliche als auch das schulische Leben und tragen zur Verbesserung der Unterrichtsqualit\u00e4t und Lernmotivation bei.<\/p>\n\n\n\n<p>Bei Interesse am Job Shadowing bzw. Kursen, die du gemeinsam mit Kolleg:innen aus dem Ausland in der EU besuchen m\u00f6chtest, melde dich in der Direktion!<\/p>\n\n\n\n<p>Ebenso freuen wir uns \u00fcber Besuch von Kolleg:innen aus dem Ausland und ersuchen um Unterst\u00fctzung, deren Besuch so interessant wie m\u00f6glich zu gestalten. Wir k\u00f6nnen selbst durch gute Gespr\u00e4che und Erfahrungen anderer L\u00e4nder profitieren.<\/p>\n","protected":false},"excerpt":{"rendered":"<p>M\u00f6chtest du, als Lehrkraft, Einblicke in internationale Bildungssysteme gewinnen und von erfahrenen Kolleg:innen lernen? Dann ist das Erasmus+ Jobshadowing die perfekte Gelegenheit f\u00fcr dich! Das &#8230; <\/p>\n<p class=\"read-more-container\"><a title=\"Erasmus+ Weiterbildung im Ausland und Jobshadowing f\u00fcr Lehrkr\u00e4fte\" class=\"read-more button\" href=\"https:\/\/hlwhollabrunn.ac.at\/web2\/erasmus-weiterbildung-im-ausland-und-jobshadowing-fuer-lehrkraefte\/#more-19817\" aria-label=\"Mehr Informationen \u00fcber Erasmus+ Weiterbildung im Ausland und Jobshadowing f\u00fcr Lehrkr\u00e4fte\">Weiterlesen &#8230;<\/a><\/p>\n","protected":false},"author":1,"featured_media":0,"parent":0,"menu_order":0,"comment_status":"closed","ping_status":"closed","template":"","meta":{"_uag_custom_page_level_css":"","footnotes":""},"wf_page_folders":[],"class_list":{"0":"post-19817","1":"page","2":"type-page","3":"status-publish","5":"no-featured-image-padding"},"uagb_featured_image_src":{"full":false,"thumbnail":false,"medium":false,"medium_large":false,"large":false,"1536x1536":false,"2048x2048":false,"sow-carousel-default":false},"uagb_author_info":{"display_name":"Leo Ertl - HLW Hollabrunn","author_link":"https:\/\/hlwhollabrunn.ac.at\/web2\/author\/leoertl_cupar_17\/"},"uagb_comment_info":0,"uagb_excerpt":"M\u00f6chtest du, als Lehrkraft, Einblicke in internationale Bildungssysteme gewinnen und von erfahrenen Kolleg:innen lernen? Dann ist das Erasmus+ Jobshadowing die perfekte Gelegenheit f\u00fcr dich! Das ... Weiterlesen ...","_links":{"self":[{"href":"https:\/\/hlwhollabrunn.ac.at\/web2\/wp-json\/wp\/v2\/pages\/19817","targetHints":{"allow":["GET"]}}],"collection":[{"href":"https:\/\/hlwhollabrunn.ac.at\/web2\/wp-json\/wp\/v2\/pages"}],"about":[{"href":"https:\/\/hlwhollabrunn.ac.at\/web2\/wp-json\/wp\/v2\/types\/page"}],"author":[{"embeddable":true,"href":"https:\/\/hlwhollabrunn.ac.at\/web2\/wp-json\/wp\/v2\/users\/1"}],"replies":[{"embeddable":true,"href":"https:\/\/hlwhollabrunn.ac.at\/web2\/wp-json\/wp\/v2\/comments?post=19817"}],"version-history":[{"count":1,"href":"https:\/\/hlwhollabrunn.ac.at\/web2\/wp-json\/wp\/v2\/pages\/19817\/revisions"}],"predecessor-version":[{"id":19818,"href":"https:\/\/hlwhollabrunn.ac.at\/web2\/wp-json\/wp\/v2\/pages\/19817\/revisions\/19818"}],"wp:attachment":[{"href":"https:\/\/hlwhollabrunn.ac.at\/web2\/wp-json\/wp\/v2\/media?parent=19817"}],"wp:term":[{"taxonomy":"wf_page_folders","embeddable":true,"href":"https:\/\/hlwhollabrunn.ac.at\/web2\/wp-json\/wp\/v2\/wf_page_folders?post=19817"}],"curies":[{"name":"wp","href":"https:\/\/api.w.org\/{rel}","templated":true}]}}