{"id":19790,"date":"2024-08-18T18:16:55","date_gmt":"2024-08-18T17:16:55","guid":{"rendered":"https:\/\/hlwhollabrunn.ac.at\/web2\/?page_id=19790"},"modified":"2024-08-18T18:43:08","modified_gmt":"2024-08-18T17:43:08","slug":"erasmus-berufsbildung-praktikum-im-ausland","status":"publish","type":"page","link":"https:\/\/hlwhollabrunn.ac.at\/web2\/erasmus-berufsbildung-praktikum-im-ausland\/","title":{"rendered":"Erasmus+ Berufsbildung: Praktikum im Ausland"},"content":{"rendered":"\n<figure class=\"wp-block-image size-full\"><img loading=\"lazy\" decoding=\"async\" width=\"936\" height=\"585\" src=\"https:\/\/hlwhollabrunn.ac.at\/web2\/wp-content\/uploads\/2024\/08\/bb_erasmus.webp\" alt=\"Erasmus+\" class=\"wp-image-19792\" srcset=\"https:\/\/hlwhollabrunn.ac.at\/web2\/wp-content\/uploads\/2024\/08\/bb_erasmus.webp 936w, https:\/\/hlwhollabrunn.ac.at\/web2\/wp-content\/uploads\/2024\/08\/bb_erasmus-632x395.webp 632w, https:\/\/hlwhollabrunn.ac.at\/web2\/wp-content\/uploads\/2024\/08\/bb_erasmus-200x125.webp 200w, https:\/\/hlwhollabrunn.ac.at\/web2\/wp-content\/uploads\/2024\/08\/bb_erasmus-768x480.webp 768w\" sizes=\"auto, (max-width: 936px) 100vw, 936px\" \/><\/figure>\n\n\n\n<h5 class=\"wp-block-heading sketch petrol\">Du m\u00f6chtest wertvolle berufliche Erfahrungen im Ausland sammeln und deine Karrierechancen verbessern? Dann ist das Erasmus-Programm f\u00fcr die Berufsbildung genau das Richtige f\u00fcr dich!<\/h5>\n\n\n\n<p>Durch Praktika im Ausland kannst du nicht nur deine beruflichen F\u00e4higkeiten erweitern, sondern auch deine Sprachkenntnisse und interkulturellen Kompetenzen vertiefen. Diese Auslandserfahrungen st\u00e4rken deine Pers\u00f6nlichkeit, machen dich selbstbewusster und bereiten dich optimal auf die Anforderungen der globalen Arbeitswelt vor. Durch das Erasmus-Programm wirst du motiviert, \u00fcber den Tellerrand zu schauen und deine Komfortzone zu verlassen. Es er\u00f6ffnet dir die M\u00f6glichkeit, internationale Berufserfahrungen zu sammeln, berufliche Netzwerke zu kn\u00fcpfen und interkulturelle Freundschaften zu schlie\u00dfen.<\/p>\n\n\n\n<p>Sch\u00fcler:innen der HLW Hollabrunn, die bereits Erfahrung bei einem Auslandspraktikum gesammelt haben, geben diese im Zuge eines online-Infoabends und pers\u00f6nlich im Rahmen der \u201ePraxismesse\u201c im Oktober an Praktikumssuchende weiter. Bei Interesse an einem Auslandspraktikum melde dich im Anschluss bei <strong>Fachvorst\u00e4ndin Katharina Eckl bzw. Daniela Sedlmeier<\/strong>. Die Gespr\u00e4che sollten im November \/ Dezember f\u00fcr den folgenden Sommer stattfinden.<\/p>\n\n\n\n<p>Wenn du dich f\u00fcr ein Auslandspraktikum in der EU bzw. einem der assoziierten L\u00e4nder entscheidest, wird die Schule f\u00fcr dich eine Erasmus+ F\u00f6rderung beantragen.<\/p>\n\n\n\n<p>Es besteht kein Rechtsanspruch auf die finanzielle Unterst\u00fctzung.<\/p>\n\n\n\n<p>Das HLW Lehrer:innen-Team besucht fallweise die Sch\u00fcler:innen w\u00e4hrend ihres Praktikums, um mit den Partnerbetrieben guten Kontakt zu pflegen und um die \u00f6rtlichen Gegebenheiten und Rahmenbedingungen anzusehen.<\/p>\n\n\n\n<p><a href=\"https:\/\/hlwhollabrunn.ac.at\/web2\/besuch-unserer-praktikantinnen-auf-den-balearen\/\">Besuch unserer Praktikant:innen auf den Balearen<\/a><\/p>\n\n\n\n<p><a href=\"https:\/\/hlwhollabrunn.ac.at\/web2\/praktikum-in-den-niederlanden\/\">Praktikum in den Niederlanden<\/a><\/p>\n","protected":false},"excerpt":{"rendered":"<p>Du m\u00f6chtest wertvolle berufliche Erfahrungen im Ausland sammeln und deine Karrierechancen verbessern? Dann ist das Erasmus-Programm f\u00fcr die Berufsbildung genau das Richtige f\u00fcr dich! Durch &#8230; <\/p>\n<p class=\"read-more-container\"><a title=\"Erasmus+ Berufsbildung: Praktikum im Ausland\" class=\"read-more button\" href=\"https:\/\/hlwhollabrunn.ac.at\/web2\/erasmus-berufsbildung-praktikum-im-ausland\/#more-19790\" aria-label=\"Mehr Informationen \u00fcber Erasmus+ Berufsbildung: Praktikum im Ausland\">Weiterlesen &#8230;<\/a><\/p>\n","protected":false},"author":1,"featured_media":0,"parent":0,"menu_order":0,"comment_status":"closed","ping_status":"closed","template":"","meta":{"_uag_custom_page_level_css":"","footnotes":""},"wf_page_folders":[123],"class_list":{"0":"post-19790","1":"page","2":"type-page","3":"status-publish","5":"no-featured-image-padding"},"uagb_featured_image_src":{"full":false,"thumbnail":false,"medium":false,"medium_large":false,"large":false,"1536x1536":false,"2048x2048":false,"sow-carousel-default":false},"uagb_author_info":{"display_name":"Leo Ertl - HLW Hollabrunn","author_link":"https:\/\/hlwhollabrunn.ac.at\/web2\/author\/leoertl_cupar_17\/"},"uagb_comment_info":0,"uagb_excerpt":"Du m\u00f6chtest wertvolle berufliche Erfahrungen im Ausland sammeln und deine Karrierechancen verbessern? Dann ist das Erasmus-Programm f\u00fcr die Berufsbildung genau das Richtige f\u00fcr dich! Durch ... Weiterlesen ...","_links":{"self":[{"href":"https:\/\/hlwhollabrunn.ac.at\/web2\/wp-json\/wp\/v2\/pages\/19790","targetHints":{"allow":["GET"]}}],"collection":[{"href":"https:\/\/hlwhollabrunn.ac.at\/web2\/wp-json\/wp\/v2\/pages"}],"about":[{"href":"https:\/\/hlwhollabrunn.ac.at\/web2\/wp-json\/wp\/v2\/types\/page"}],"author":[{"embeddable":true,"href":"https:\/\/hlwhollabrunn.ac.at\/web2\/wp-json\/wp\/v2\/users\/1"}],"replies":[{"embeddable":true,"href":"https:\/\/hlwhollabrunn.ac.at\/web2\/wp-json\/wp\/v2\/comments?post=19790"}],"version-history":[{"count":5,"href":"https:\/\/hlwhollabrunn.ac.at\/web2\/wp-json\/wp\/v2\/pages\/19790\/revisions"}],"predecessor-version":[{"id":19815,"href":"https:\/\/hlwhollabrunn.ac.at\/web2\/wp-json\/wp\/v2\/pages\/19790\/revisions\/19815"}],"wp:attachment":[{"href":"https:\/\/hlwhollabrunn.ac.at\/web2\/wp-json\/wp\/v2\/media?parent=19790"}],"wp:term":[{"taxonomy":"wf_page_folders","embeddable":true,"href":"https:\/\/hlwhollabrunn.ac.at\/web2\/wp-json\/wp\/v2\/wf_page_folders?post=19790"}],"curies":[{"name":"wp","href":"https:\/\/api.w.org\/{rel}","templated":true}]}}