{"id":17688,"date":"2022-11-08T13:10:21","date_gmt":"2022-11-08T12:10:21","guid":{"rendered":"https:\/\/hlwhollabrunn.ac.at\/web2\/?page_id=17688"},"modified":"2023-12-18T20:15:19","modified_gmt":"2023-12-18T19:15:19","slug":"wirtschaft","status":"publish","type":"page","link":"https:\/\/hlwhollabrunn.ac.at\/web2\/hlw\/wirtschaft\/","title":{"rendered":"Wirtschaft in der HLW"},"content":{"rendered":"\n<h5 class=\"wp-block-heading\"><strong>Dich interessiert, \u2026<\/strong><\/h5>\n\n\n\n<p>\u2026 wie du dein Geld anlegen kannst oder ob dein Gehalt richtig abgerechnet wurde<br>\u2026 wie das mit deinem Konto, Kartenzahlung, Sparformen, Kredit und Leasing funktioniert<br>\u2026 welche Rechte du als Konsument und als Arbeitskraft hast<br>\u2026 wie Unternehmen Marketing betreiben<br>\u2026 wie du aussagekr\u00e4ftige Bewerbungsunterlagen erstellst<br>\u2026 wie du deinen \u00dcberblick \u00fcber Einnahmen und Ausgaben beh\u00e4ltst und wie ein Unternehmen Buch f\u00fchrt<\/p>\n\n\n\n<h5 class=\"wp-block-heading\"><strong>Das alles und noch viel mehr lernst du bei uns in den Gegenst\u00e4nden \u2026<\/strong><\/h5>\n\n\n\n<p>\u2026 Betriebswirtschaft und Projektmanagement &amp; Rechnungswesen und Controlling<\/p>\n\n\n\n<h5 class=\"wp-block-heading\"><strong>Du m\u00f6chtest nach der Schule gleich arbeiten oder <\/strong><strong>Jungunternehmer:<\/strong><strong>in<\/strong><strong> werden<\/strong><strong>? Kein Problem!<\/strong><\/h5>\n\n\n\n<p>Mit unserer kaufm\u00e4nnischen Ausbildung kannst du sofort nach der Reife- und Diplompr\u00fcfung in das Berufsleben einsteigen und deine Karriere starten. Au\u00dferdem kannst du dich nach einigen Jahren Berufspraxis selbst\u00e4ndig machen. Die wirtschaftliche Ausbildung ersetzt die dazu erforderliche Unternehmerpr\u00fcfung.<\/p>\n\n\n\n<h5 class=\"wp-block-heading\"><strong>Du m\u00f6chtest gerne Projekte managen und in die Realit\u00e4t umsetzen?<\/strong><\/h5>\n\n\n\n<p>Im <mark style=\"background-color:rgba(0, 0, 0, 0)\" class=\"has-inline-color has-petrol-color\">Unternehmens- und Dienstleistungsmanagement <\/mark>(HLW 5. Jahrgang) kannst du reale Projekte (Eventplanung, neue Dienstleistungen, \u2026) umsetzen!<\/p>\n\n\n\n<div style=\"height:23px\" aria-hidden=\"true\" class=\"wp-block-spacer\"><\/div>\n\n\n\n<div class=\"wp-block-uagb-testimonial uagb-slick-carousel uagb-tm__arrow-outside uagb-block-0d2d91f0 uagb-post__carousel_notset uagb-post__carousel_notset-tablet uagb-post__carousel_notset-mobile\"><div class=\"is-carousel uagb-tm__columns-1 uagb-tm__items\"><div class=\"uagb-testimonial__wrap  uagb-tm__imgicon-style-circle uagb-tm__image-position-left uagb-tm__image-aligned-top uagb-tm-stacked-tablet uagb-tm__bg-type-none \"><div class=\"uagb-tm__content\"><div class=\"uagb-tm__overlay\"><\/div><div class=\"uagb-tm__image-content\"><div class=\"uagb-tm__image\"><img decoding=\"async\" class=\"uagb-tm-img-src\" src=\"https:\/\/hlwhollabrunn.ac.at\/web2\/wp-content\/uploads\/2022\/01\/kenneth_mendoza_430_compressed.jpg\" alt=\"Kenneth Mendoza\" width=\"140\" height=\"140\" loading=\"lazy\"\/><\/div><\/div><div class=\"uagb-tm__text-wrap\"><div class=\"uagb-tm__desc\">Ich finde es gut, dass die Schule wirtschaftliche F\u00e4cher anbietet, so erf\u00e4hrt man wichtige Dinge f\u00fcrs Leben.<\/div><div class=\"uagb-tm__meta-inner\"><div class=\"uagb-testimonial-details\"><span class=\"uagb-tm__author-name\">Kenneth<\/span><span class=\"uagb-tm__company\">5EHLW<\/span><\/div><\/div><\/div><\/div><\/div><\/div><\/div>\n\n\n\n<hr class=\"wp-block-separator has-css-opacity is-style-dots\"\/>\n\n\n\n<figure class=\"wp-block-gallery has-nested-images columns-default is-cropped wp-block-gallery-1 is-layout-flex wp-block-gallery-is-layout-flex\">\n<figure class=\"wp-block-image size-large\"><img loading=\"lazy\" decoding=\"async\" width=\"600\" height=\"450\" data-id=\"16398\" src=\"https:\/\/hlwhollabrunn.ac.at\/web2\/wp-content\/uploads\/2022\/02\/wirtschaft01_compressed.jpg\" alt=\"Marketing \u2013 Werbeagentur\" class=\"wp-image-16398\" srcset=\"https:\/\/hlwhollabrunn.ac.at\/web2\/wp-content\/uploads\/2022\/02\/wirtschaft01_compressed.jpg 600w, https:\/\/hlwhollabrunn.ac.at\/web2\/wp-content\/uploads\/2022\/02\/wirtschaft01_compressed-200x150.jpg 200w\" sizes=\"auto, (max-width: 600px) 100vw, 600px\" \/><figcaption class=\"wp-element-caption\">Marketing \u2013 Werbeagentur<\/figcaption><\/figure>\n\n\n\n<figure class=\"wp-block-image size-large\"><img loading=\"lazy\" decoding=\"async\" width=\"600\" height=\"450\" data-id=\"16399\" src=\"https:\/\/hlwhollabrunn.ac.at\/web2\/wp-content\/uploads\/2022\/02\/wirtschaft02_compressed.jpg\" alt=\"Wirtschaftsmuseum\" class=\"wp-image-16399\" srcset=\"https:\/\/hlwhollabrunn.ac.at\/web2\/wp-content\/uploads\/2022\/02\/wirtschaft02_compressed.jpg 600w, https:\/\/hlwhollabrunn.ac.at\/web2\/wp-content\/uploads\/2022\/02\/wirtschaft02_compressed-200x150.jpg 200w\" sizes=\"auto, (max-width: 600px) 100vw, 600px\" \/><figcaption class=\"wp-element-caption\">Wirtschaftsmuseum<\/figcaption><\/figure>\n\n\n\n<figure class=\"wp-block-image size-large\"><img loading=\"lazy\" decoding=\"async\" width=\"600\" height=\"588\" data-id=\"16408\" src=\"https:\/\/hlwhollabrunn.ac.at\/web2\/wp-content\/uploads\/2022\/02\/wirtschaft03_compressed.jpg\" alt=\"Umweltprojekt \u2013 Vernissage\" class=\"wp-image-16408\" srcset=\"https:\/\/hlwhollabrunn.ac.at\/web2\/wp-content\/uploads\/2022\/02\/wirtschaft03_compressed.jpg 600w, https:\/\/hlwhollabrunn.ac.at\/web2\/wp-content\/uploads\/2022\/02\/wirtschaft03_compressed-200x196.jpg 200w\" sizes=\"auto, (max-width: 600px) 100vw, 600px\" \/><figcaption class=\"wp-element-caption\">Umweltprojekt \u2013 Vernissage<\/figcaption><\/figure>\n\n\n\n<figure class=\"wp-block-image size-large\"><img loading=\"lazy\" decoding=\"async\" width=\"600\" height=\"400\" data-id=\"16400\" src=\"https:\/\/hlwhollabrunn.ac.at\/web2\/wp-content\/uploads\/2022\/02\/wirtschaft04_compressed.jpg\" alt=\"Er\u00f6ffnung Vernissage\" class=\"wp-image-16400\" srcset=\"https:\/\/hlwhollabrunn.ac.at\/web2\/wp-content\/uploads\/2022\/02\/wirtschaft04_compressed.jpg 600w, https:\/\/hlwhollabrunn.ac.at\/web2\/wp-content\/uploads\/2022\/02\/wirtschaft04_compressed-200x133.jpg 200w, https:\/\/hlwhollabrunn.ac.at\/web2\/wp-content\/uploads\/2022\/02\/wirtschaft04_compressed-272x182.jpg 272w\" sizes=\"auto, (max-width: 600px) 100vw, 600px\" \/><figcaption class=\"wp-element-caption\">Er\u00f6ffnung Vernissage<\/figcaption><\/figure>\n\n\n\n<figure class=\"wp-block-image size-large\"><img loading=\"lazy\" decoding=\"async\" width=\"600\" height=\"450\" data-id=\"16401\" src=\"https:\/\/hlwhollabrunn.ac.at\/web2\/wp-content\/uploads\/2022\/02\/wirtschaft05_compressed.jpg\" alt=\"Sonnentor\" class=\"wp-image-16401\" srcset=\"https:\/\/hlwhollabrunn.ac.at\/web2\/wp-content\/uploads\/2022\/02\/wirtschaft05_compressed.jpg 600w, https:\/\/hlwhollabrunn.ac.at\/web2\/wp-content\/uploads\/2022\/02\/wirtschaft05_compressed-200x150.jpg 200w\" sizes=\"auto, (max-width: 600px) 100vw, 600px\" \/><figcaption class=\"wp-element-caption\">Sonnentor<\/figcaption><\/figure>\n\n\n\n<figure class=\"wp-block-image size-large\"><img loading=\"lazy\" decoding=\"async\" width=\"600\" height=\"400\" data-id=\"16407\" src=\"https:\/\/hlwhollabrunn.ac.at\/web2\/wp-content\/uploads\/2022\/02\/wirtschaft06_compressed.jpg\" alt=\"Schlumberger\" class=\"wp-image-16407\" srcset=\"https:\/\/hlwhollabrunn.ac.at\/web2\/wp-content\/uploads\/2022\/02\/wirtschaft06_compressed.jpg 600w, https:\/\/hlwhollabrunn.ac.at\/web2\/wp-content\/uploads\/2022\/02\/wirtschaft06_compressed-200x133.jpg 200w, https:\/\/hlwhollabrunn.ac.at\/web2\/wp-content\/uploads\/2022\/02\/wirtschaft06_compressed-272x182.jpg 272w\" sizes=\"auto, (max-width: 600px) 100vw, 600px\" \/><figcaption class=\"wp-element-caption\">Schlumberger<\/figcaption><\/figure>\n\n\n\n<figure class=\"wp-block-image size-large\"><img loading=\"lazy\" decoding=\"async\" width=\"600\" height=\"399\" data-id=\"16402\" src=\"https:\/\/hlwhollabrunn.ac.at\/web2\/wp-content\/uploads\/2022\/02\/wirtschaft07_compressed.jpg\" alt=\"Ecuadorstand\" class=\"wp-image-16402\" srcset=\"https:\/\/hlwhollabrunn.ac.at\/web2\/wp-content\/uploads\/2022\/02\/wirtschaft07_compressed.jpg 600w, https:\/\/hlwhollabrunn.ac.at\/web2\/wp-content\/uploads\/2022\/02\/wirtschaft07_compressed-200x133.jpg 200w, https:\/\/hlwhollabrunn.ac.at\/web2\/wp-content\/uploads\/2022\/02\/wirtschaft07_compressed-272x182.jpg 272w\" sizes=\"auto, (max-width: 600px) 100vw, 600px\" \/><figcaption class=\"wp-element-caption\">Ecuadorstand<\/figcaption><\/figure>\n\n\n\n<figure class=\"wp-block-image size-large\"><img loading=\"lazy\" decoding=\"async\" width=\"600\" height=\"399\" data-id=\"16403\" src=\"https:\/\/hlwhollabrunn.ac.at\/web2\/wp-content\/uploads\/2022\/02\/wirtschaft08_compressed.jpg\" alt=\"Wirtschaftswerkstatt\" class=\"wp-image-16403\" srcset=\"https:\/\/hlwhollabrunn.ac.at\/web2\/wp-content\/uploads\/2022\/02\/wirtschaft08_compressed.jpg 600w, https:\/\/hlwhollabrunn.ac.at\/web2\/wp-content\/uploads\/2022\/02\/wirtschaft08_compressed-200x133.jpg 200w, https:\/\/hlwhollabrunn.ac.at\/web2\/wp-content\/uploads\/2022\/02\/wirtschaft08_compressed-272x182.jpg 272w\" sizes=\"auto, (max-width: 600px) 100vw, 600px\" \/><figcaption class=\"wp-element-caption\">Wirtschaftswerkstatt<\/figcaption><\/figure>\n\n\n\n<figure class=\"wp-block-image size-large\"><img loading=\"lazy\" decoding=\"async\" width=\"600\" height=\"800\" data-id=\"16404\" src=\"https:\/\/hlwhollabrunn.ac.at\/web2\/wp-content\/uploads\/2022\/02\/wirtschaft09_compressed.jpg\" alt=\"Aktie\" class=\"wp-image-16404\" srcset=\"https:\/\/hlwhollabrunn.ac.at\/web2\/wp-content\/uploads\/2022\/02\/wirtschaft09_compressed.jpg 600w, https:\/\/hlwhollabrunn.ac.at\/web2\/wp-content\/uploads\/2022\/02\/wirtschaft09_compressed-200x267.jpg 200w\" sizes=\"auto, (max-width: 600px) 100vw, 600px\" \/><figcaption class=\"wp-element-caption\">Aktie<\/figcaption><\/figure>\n\n\n\n<figure class=\"wp-block-image size-large\"><img loading=\"lazy\" decoding=\"async\" width=\"600\" height=\"337\" data-id=\"16405\" src=\"https:\/\/hlwhollabrunn.ac.at\/web2\/wp-content\/uploads\/2022\/02\/wirtschaft10_compressed.jpg\" alt=\"V\u00f6slauer\" class=\"wp-image-16405\" srcset=\"https:\/\/hlwhollabrunn.ac.at\/web2\/wp-content\/uploads\/2022\/02\/wirtschaft10_compressed.jpg 600w, https:\/\/hlwhollabrunn.ac.at\/web2\/wp-content\/uploads\/2022\/02\/wirtschaft10_compressed-200x112.jpg 200w\" sizes=\"auto, (max-width: 600px) 100vw, 600px\" \/><figcaption class=\"wp-element-caption\">V\u00f6slauer<\/figcaption><\/figure>\n\n\n\n<figure class=\"wp-block-image size-large\"><img loading=\"lazy\" decoding=\"async\" width=\"600\" height=\"450\" data-id=\"16406\" src=\"https:\/\/hlwhollabrunn.ac.at\/web2\/wp-content\/uploads\/2022\/02\/wirtschaft11_compressed.jpg\" alt=\"ORF-Studios\" class=\"wp-image-16406\" srcset=\"https:\/\/hlwhollabrunn.ac.at\/web2\/wp-content\/uploads\/2022\/02\/wirtschaft11_compressed.jpg 600w, https:\/\/hlwhollabrunn.ac.at\/web2\/wp-content\/uploads\/2022\/02\/wirtschaft11_compressed-200x150.jpg 200w\" sizes=\"auto, (max-width: 600px) 100vw, 600px\" \/><figcaption class=\"wp-element-caption\">ORF-Studios<\/figcaption><\/figure>\n<\/figure>\n","protected":false},"excerpt":{"rendered":"<p>Dich interessiert, \u2026 \u2026 wie du dein Geld anlegen kannst oder ob dein Gehalt richtig abgerechnet wurde\u2026 wie das mit deinem Konto, Kartenzahlung, Sparformen, Kredit &#8230; <\/p>\n<p class=\"read-more-container\"><a title=\"Wirtschaft in der HLW\" class=\"read-more button\" href=\"https:\/\/hlwhollabrunn.ac.at\/web2\/hlw\/wirtschaft\/#more-17688\" aria-label=\"Mehr Informationen \u00fcber Wirtschaft in der HLW\">Weiterlesen &#8230;<\/a><\/p>\n","protected":false},"author":1,"featured_media":0,"parent":546,"menu_order":0,"comment_status":"closed","ping_status":"closed","template":"","meta":{"_uag_custom_page_level_css":"","footnotes":""},"wf_page_folders":[112],"class_list":{"0":"post-17688","1":"page","2":"type-page","3":"status-publish","5":"no-featured-image-padding"},"uagb_featured_image_src":{"full":false,"thumbnail":false,"medium":false,"medium_large":false,"large":false,"1536x1536":false,"2048x2048":false,"sow-carousel-default":false},"uagb_author_info":{"display_name":"Leo Ertl - HLW Hollabrunn","author_link":"https:\/\/hlwhollabrunn.ac.at\/web2\/author\/leoertl_cupar_17\/"},"uagb_comment_info":0,"uagb_excerpt":"Dich interessiert, \u2026 \u2026 wie du dein Geld anlegen kannst oder ob dein Gehalt richtig abgerechnet wurde\u2026 wie das mit deinem Konto, Kartenzahlung, Sparformen, Kredit ... Weiterlesen ...","_links":{"self":[{"href":"https:\/\/hlwhollabrunn.ac.at\/web2\/wp-json\/wp\/v2\/pages\/17688","targetHints":{"allow":["GET"]}}],"collection":[{"href":"https:\/\/hlwhollabrunn.ac.at\/web2\/wp-json\/wp\/v2\/pages"}],"about":[{"href":"https:\/\/hlwhollabrunn.ac.at\/web2\/wp-json\/wp\/v2\/types\/page"}],"author":[{"embeddable":true,"href":"https:\/\/hlwhollabrunn.ac.at\/web2\/wp-json\/wp\/v2\/users\/1"}],"replies":[{"embeddable":true,"href":"https:\/\/hlwhollabrunn.ac.at\/web2\/wp-json\/wp\/v2\/comments?post=17688"}],"version-history":[{"count":12,"href":"https:\/\/hlwhollabrunn.ac.at\/web2\/wp-json\/wp\/v2\/pages\/17688\/revisions"}],"predecessor-version":[{"id":19083,"href":"https:\/\/hlwhollabrunn.ac.at\/web2\/wp-json\/wp\/v2\/pages\/17688\/revisions\/19083"}],"up":[{"embeddable":true,"href":"https:\/\/hlwhollabrunn.ac.at\/web2\/wp-json\/wp\/v2\/pages\/546"}],"wp:attachment":[{"href":"https:\/\/hlwhollabrunn.ac.at\/web2\/wp-json\/wp\/v2\/media?parent=17688"}],"wp:term":[{"taxonomy":"wf_page_folders","embeddable":true,"href":"https:\/\/hlwhollabrunn.ac.at\/web2\/wp-json\/wp\/v2\/wf_page_folders?post=17688"}],"curies":[{"name":"wp","href":"https:\/\/api.w.org\/{rel}","templated":true}]}}