{"id":17129,"date":"2022-03-08T21:39:23","date_gmt":"2022-03-08T20:39:23","guid":{"rendered":"https:\/\/hlwhollabrunn.ac.at\/web2\/?page_id=17129"},"modified":"2022-03-22T07:07:50","modified_gmt":"2022-03-22T06:07:50","slug":"vegan-vegetarische-fachkraft","status":"publish","type":"page","link":"https:\/\/hlwhollabrunn.ac.at\/web2\/hlw\/zusatzqualifikationen\/vegan-vegetarische-fachkraft\/","title":{"rendered":"Vegan-vegetarische Fachkraft"},"content":{"rendered":"\n<h5 class=\"sketch petrol wp-block-heading\" id=\"du-hast-mit-vegan-vegetarischer-ernahrung-erfahrung-und-oder-mochtest-mehr-daruber-erfahren\">Du hast mit vegan-vegetarischer Ern\u00e4hrung Erfahrung und\/oder m\u00f6chtest mehr dar\u00fcber erfahren?<\/h5>\n\n\n\n<p>Diese Ausbildung wird im\u00a03.\u00a0Jahrgang der HLW als Blockunterricht angeboten. Das Projekt wurde von \u201eVegucation\u201c ins Leben gerufen, da es in der Gastronomie immer mehr Bedarf an spezialisierten K\u00f6ch:innen gibt. Das Ziel der Ausbildung ist die Durchf\u00fchrung und Bereitstellung einer professionellen Ausbildung in der pflanzenbasierten K\u00fcche. <\/p>\n\n\n\n<div class=\"wp-block-image is-style-rounded\"><figure class=\"alignright size-full\"><img loading=\"lazy\" decoding=\"async\" width=\"330\" height=\"330\" src=\"https:\/\/hlwhollabrunn.ac.at\/web2\/wp-content\/uploads\/2022\/02\/zusatz3_compressed.jpg\" alt=\"Vegan-vegetarische Fachkraft\" class=\"wp-image-16358\" srcset=\"https:\/\/hlwhollabrunn.ac.at\/web2\/wp-content\/uploads\/2022\/02\/zusatz3_compressed.jpg 330w, https:\/\/hlwhollabrunn.ac.at\/web2\/wp-content\/uploads\/2022\/02\/zusatz3_compressed-200x200.jpg 200w\" sizes=\"auto, (max-width: 330px) 100vw, 330px\" \/><\/figure><\/div>\n\n\n\n<p>Du erlernst den Umgang mit Basisprodukten der vegetarischen K\u00fcche wie zum Beispiel Milch-, Fleisch- und Eialternativen sowie die Men\u00fcerstellung bzw. Men\u00fcadaptierung. Neben der praktischen Umsetzung lernst du auch die kritische Beurteilung diverser Alternativen, Geschmackstr\u00e4ger und Bindemittel, die in der veganen bzw. vegetarischen K\u00fcche eingesetzt werden.&nbsp;Weiters machst du Exkursionen in vegane Restaurants bzw. zu einem Gem\u00fcseproduzenten.&nbsp;<\/p>\n\n\n\n<p>Du kannst das Wissen im bevorstehenden Pflichtpraktikum umsetzen und dieses in einer K\u00fcche, in der sowohl vegetarisch bzw. vegan, aber auch ganz traditionell mit Fleisch gekocht wird, absolvieren. Falls du dich dazu entscheidest, in der Gastronomie zu bleiben, hast du damit schon den Grundstein f\u00fcr eine eventuelle Spezialisierung gelegt.&nbsp;<\/p>\n\n\n\n<p>Die abschlie\u00dfende Pr\u00fcfung, die im 2. Jahrgang abgelegt wird,&nbsp;besteht aus drei Teilen: einer schriftlichen Pr\u00fcfung, dem praktischen Teil, bei dem ein bis zwei vegane Gerichte zubereitet werden, und dem m\u00fcndlichen Teil,  bei dem die zubereiteten Speisen pr\u00e4sentiert werden.&nbsp;<\/p>\n\n\n\n<p><a href=\"https:\/\/hlwhollabrunn.ac.at\/web2\/hlw\/zusatzqualifikationen\/buchhaltungsprogramm-bmd\/\">ZQ BMD<\/a> | <a href=\"https:\/\/hlwhollabrunn.ac.at\/web2\/hlw\/zusatzqualifikationen\/business-english\/\">ZQ Business English<\/a> | <a href=\"https:\/\/hlwhollabrunn.ac.at\/web2\/hlw\/zusatzqualifikationen\/instruktor-fit-animation\/\">ZQ Instruktur Fit Animation<\/a> | <a href=\"https:\/\/hlwhollabrunn.ac.at\/web2\/hlw\/zusatzqualifikationen\/jungbarkeeper-in\/\">ZQ Jungbaarkeeper:in<\/a> | <a href=\"https:\/\/hlwhollabrunn.ac.at\/web2\/hlw\/zusatzqualifikationen\/jungpatissier-iere\/\">Jungpatissier:i\u00e8re<\/a> | <a href=\"https:\/\/hlwhollabrunn.ac.at\/web2\/hlw\/zusatzqualifikationen\/jungsommelier\/\">ZQ Jungsommelier:i\u00e8re<\/a> | <a href=\"https:\/\/hlwhollabrunn.ac.at\/web2\/hlw\/zusatzqualifikationen\/kaffeekenner\/\">Kaffeekenner:in<\/a> | <a href=\"https:\/\/hlwhollabrunn.ac.at\/web2\/hlw\/zusatzqualifikationen\/kulturvermittler\/\">Kulturvermittler:in<\/a> | <a href=\"https:\/\/hlwhollabrunn.ac.at\/web2\/hlw\/zusatzqualifikationen\/peer-mediation\/\">ZQ Peer-Mediation<\/a> | <a href=\"https:\/\/hlwhollabrunn.ac.at\/web2\/hlw\/zusatzqualifikationen\/vegan-vegetarische-fachkraft\/\">ZQ Vegan-vegetarische Fachkraft<\/a><\/p>\n","protected":false},"excerpt":{"rendered":"<p>Du hast mit vegan-vegetarischer Ern\u00e4hrung Erfahrung und\/oder m\u00f6chtest mehr dar\u00fcber erfahren? Diese Ausbildung wird im\u00a03.\u00a0Jahrgang der HLW als Blockunterricht angeboten. Das Projekt wurde von \u201eVegucation\u201c &#8230; <\/p>\n<p class=\"read-more-container\"><a title=\"Vegan-vegetarische Fachkraft\" class=\"read-more button\" href=\"https:\/\/hlwhollabrunn.ac.at\/web2\/hlw\/zusatzqualifikationen\/vegan-vegetarische-fachkraft\/#more-17129\" aria-label=\"Mehr Informationen \u00fcber Vegan-vegetarische Fachkraft\">Weiterlesen &#8230;<\/a><\/p>\n","protected":false},"author":1,"featured_media":0,"parent":544,"menu_order":0,"comment_status":"closed","ping_status":"closed","template":"","meta":{"_uag_custom_page_level_css":"","footnotes":""},"wf_page_folders":[112],"class_list":{"0":"post-17129","1":"page","2":"type-page","3":"status-publish","5":"no-featured-image-padding"},"uagb_featured_image_src":{"full":false,"thumbnail":false,"medium":false,"medium_large":false,"large":false,"1536x1536":false,"2048x2048":false,"sow-carousel-default":false},"uagb_author_info":{"display_name":"Leo Ertl - HLW Hollabrunn","author_link":"https:\/\/hlwhollabrunn.ac.at\/web2\/author\/leoertl_cupar_17\/"},"uagb_comment_info":0,"uagb_excerpt":"Du hast mit vegan-vegetarischer Ern\u00e4hrung Erfahrung und\/oder m\u00f6chtest mehr dar\u00fcber erfahren? Diese Ausbildung wird im\u00a03.\u00a0Jahrgang der HLW als Blockunterricht angeboten. Das Projekt wurde von \u201eVegucation\u201c ... Weiterlesen ...","_links":{"self":[{"href":"https:\/\/hlwhollabrunn.ac.at\/web2\/wp-json\/wp\/v2\/pages\/17129","targetHints":{"allow":["GET"]}}],"collection":[{"href":"https:\/\/hlwhollabrunn.ac.at\/web2\/wp-json\/wp\/v2\/pages"}],"about":[{"href":"https:\/\/hlwhollabrunn.ac.at\/web2\/wp-json\/wp\/v2\/types\/page"}],"author":[{"embeddable":true,"href":"https:\/\/hlwhollabrunn.ac.at\/web2\/wp-json\/wp\/v2\/users\/1"}],"replies":[{"embeddable":true,"href":"https:\/\/hlwhollabrunn.ac.at\/web2\/wp-json\/wp\/v2\/comments?post=17129"}],"version-history":[{"count":8,"href":"https:\/\/hlwhollabrunn.ac.at\/web2\/wp-json\/wp\/v2\/pages\/17129\/revisions"}],"predecessor-version":[{"id":17220,"href":"https:\/\/hlwhollabrunn.ac.at\/web2\/wp-json\/wp\/v2\/pages\/17129\/revisions\/17220"}],"up":[{"embeddable":true,"href":"https:\/\/hlwhollabrunn.ac.at\/web2\/wp-json\/wp\/v2\/pages\/544"}],"wp:attachment":[{"href":"https:\/\/hlwhollabrunn.ac.at\/web2\/wp-json\/wp\/v2\/media?parent=17129"}],"wp:term":[{"taxonomy":"wf_page_folders","embeddable":true,"href":"https:\/\/hlwhollabrunn.ac.at\/web2\/wp-json\/wp\/v2\/wf_page_folders?post=17129"}],"curies":[{"name":"wp","href":"https:\/\/api.w.org\/{rel}","templated":true}]}}